omposite number?
True
Is 58870583 prime?
True
Is 175405 composite?
True
Is 1288967 a composite number?
False
Is 84706239 prime?
False
Is 824851 prime?
False
Is 101379791 composite?
True
Is 3226831 prime?
False
Is 244225846 a composite number?
True
Is 1570339 prime?
True
Is 47301977 a composite number?
False
Is 84618671 composite?
False
Is 43062913 prime?
True
Is 3274003 prime?
False
Is 24321719 prime?
False
Is 22399471 composite?
False
Is 614647909 a composite number?
False
Is 39022847 composite?
False
Is 6568027 prime?
True
Is 2546827 prime?
False
Is 23300363 composite?
False
Is 26573507 prime?
False
Is 1222429 composite?
True
Is 79413301 composite?
True
Is 894769 a prime number?
False
Is 20902153 prime?
False
Is 43734013 composite?
True
Is 159390193 prime?
True
Is 1015913 a composite number?
False
Is 98503 prime?
False
Is 148333439 prime?
True
Is 5589149 a composite number?
False
Is 13751137 prime?
True
Is 126452849 a prime number?
True
Is 2831441 a composite number?
True
Is 13046951 composite?
False
Is 1278983 a prime number?
True
Is 28516417 prime?
False
Is 3690989 composite?
True
Is 2176931 prime?
False
Is 226108763 a prime number?
True
Is 281496253 composite?
True
Is 6954431 composite?
True
Is 24774229 a composite number?
True
Is 8976659 prime?
True
Is 6761101 a composite number?
False
Is 7583929 a composite number?
True
Is 3301057 prime?
False
Is 14782517 prime?
True
Is 3252149 composite?
True
Is 142495379 composite?
True
Is 64840619 prime?
True
Is 3430079 composite?
False
Is 29513443 prime?
False
Is 155606683 a composite number?
True
Is 3894361 a composite number?
True
Is 216397 composite?
False
Is 83459 prime?
True
Is 22258267 a composite number?
True
Is 4718317 a prime number?
True
Is 32648153 a prime number?
False
Is 100273739 a prime number?
False
Is 611203 prime?
False
Is 22671079 composite?
False
Is 434079845 a composite number?
True
Is 323686997 composite?
False
Is 54523639 prime?
False
Is 32496473 composite?
True
Is 5908079 a composite number?
True
Is 141103 composite?
True
Is 6031279 composite?
True
Is 17368249 a composite number?
False
Is 5687017 a composite number?
True
Is 103544143 prime?
True
Is 105511451 prime?
True
Is 137414807 a prime number?
True
Is 1533821 composite?
True
Is 11245799 composite?
False
Is 1247317 prime?
True
Is 33950099 composite?
True
Is 56914985 a composite number?
True
Is 2377621 a prime number?
True
Is 8959201 composite?
False
Is 13613 a composite number?
False
Is 163724167 a prime number?
True
Is 217003355 composite?
True
Is 162209 composite?
False
Is 1898363 prime?
True
Is 3685807 composite?
True
Is 554251 prime?
False
Is 20639747 composite?
True
Is 39428713 prime?
True
Is 5012239 a prime number?
True
Is 3363001 composite?
True
Is 591341 a composite number?
False
Is 147593971 a composite number?
True
Is 70228049 prime?
True
Is 22374101 prime?
False
Is 20840789 prime?
True
Is 11859707 prime?
True
Is 93022229 composite?
False
Is 69811891 a prime number?
True
Is 9885433 composite?
True
Is 1665019 composite?
True
Is 16116781 prime?
False
Is 203993369 composite?
True
Is 13554071 prime?
True
Is 5861027 prime?
True
Is 18019069 a composite number?
True
Is 1154557 a composite number?
True
Is 75415741 composite?
False
Is 73691687 composite?
True
Is 19632169 a composite number?
False
Is 1309405 prime?
False
Is 26441251 prime?
True
Is 68424821 a composite number?
False
Is 16949629 a prime number?
False
Is 27407 a prime number?
True
Is 79542893 prime?
True
Is 2508269 a composite number?
False
Is 12339359 prime?
True
Is 9729733 a prime number?
False
Is 212554561 prime?
False
Is 4959689 a prime number?
False
Is 100966913 a composite number?
False
Is 27704822 a composite number?
True
Is 4720019 a composite number?
False
Is 11185501 a composite number?
False
Is 1464787 a prime number?
True
Is 38698967 composite?
False
Is 37280537 a composite number?
True
Is 477295197 a prime number?
False
Is 53821489 a composite number?
False
Is 23586974 composite?
True
Is 2794373 a prime number?
False
Is 14003489 composite?
False
Is 10037923 a prime number?
False
Is 55409551 prime?
True
Is 3644807 prime?
False
Is 33447121 composite?
True
Is 756488951 a composite number?
False
Is 57073699 a prime number?
True
Is 184657 a composite number?
True
Is 9517139 composite?
False
Is 82985467 a prime number?
False
Is 39547583 a prime number?
True
Is 31357373 prime?
False
Is 4013893 composite?
True
Is 49018567 a prime number?
False
Is 52243 a composite number?
True
Is 2006141 composite?
False
Is 11609327 a composite number?
False
Is 2944967 a prime number?
True
Is 357767591 a composite number?
True
Is 2541353 prime?
False
Is 312931 a composite number?
False
Is 7008091 composite?
False
Is 25372873 composite?
False
Is 1264709 prime?
False
Is 26266399 a composite number?
True
Is 182323 a prime number?
False
Is 51016487 prime?
True
Is 50522 a prime number?
False
Is 54276843 a composite number?
True
Is 65122147 prime?
True
Is 111161033 a prime number?
True
Is 22403455 composite?
True
Is 13692374 a prime number?
False
Is 11884801 a prime number?
True
Is 204203215 composite?
True
Is 22974037 prime?
True
Is 3907237 a prime number?
False
Is 5486063 prime?
False
Is 457983953 prime?
False
Is 18799541 composite?
True
Is 165065 composite?
True
Is 20986783 prime?
False
Is 1481971 a prime number?
True
Is 20439242 a prime number?
False
Is 13484047 a prime number?
True
Is 165398 a composite number?
True
Is 357211 composite?
False
Is 4527623 a composite number?
False
Is 5193785 prime?
False
Is 776791 a composite number?
True
Is 6958867 a prime number?
False
Is 2616371 a composite number?
False
Is 301629983 a prime number?
True
Is 15250177 composite?
True
Is 3971123 a prime number?
False
Is 20698147 a prime number?
False
Is 71280121 composite?
True
Is 1580487 a composite number?
True
Is 3128981 a prime number?
False
Is 34656359 a composite number?
False
Is 757937 a composite number?
False
Is 5359583 composite?
False
Is 17340535 a prime number?
False
Is 3690329 a prime number?
True
Is 158854805 composite?
True
Is 8097697 a prime number?
True
Is 14460337 a prime number?
False
Is 29247629 a prime number?
True
Is 11931919 composite?
False
Is 22623691 a composite number?
False
Is 104056567 composite?
False
Is 594703 a prime number?
False
Is 5858333 a prime number?
False
Is 1342917389 composite?
True
Is 550311 composite?
True
Is 534733907 a composite number?
True
Is 692749 a composite number?
True
Is 82316441 prime?
True
Is 23443991 a prime number?
False
Is 14684123 a prime number?
False
Is 12246287 a composite number?
False
Is 2433149 a prime number?
False
Is 2097533 composite?
False
Is 4024645 composite?
True
Is 2153077 prime?
False
Is 32731121 a prime number?
True
Is 9020369 a prime number?
False
Is 1209457 composite?
False
Is 2892413 a composite number?
True
Is 4011397 composite?
True
Is 3295783 a prime number?
True
Is 403028251 prime?
True
Is 1069613 a composite number?
True
Is 11565703 a composite number?
False
Is 494504539 prime?
False
Is 4896739 a composite number?
True
Is 11822927 a composite number?
False
Is 14525237 composite?
False
Is 60779647 prime?
True
Is 2741027 composite?
True
Is 13484171 prime?
True
Is 5920787 a composite number?
False
Is 6213379 prime?
False
Is 1784054 composite?
True
Is 650011 a prime number?
True
Is 109832201 composite?
False
Is 1309739 a prime number?
True
Is 64724455 a prime number?
False
Is 9303621 prime?
False
Is 425927 prime?
False
Is 1448903 prime?
True
Is 5519029 a composite number?
False
Is 38418821 prime?
False
Is 71191451 composite?
False
Is 371064353 a composite number?
True
Is 252747457 a prime number?
True
Is 69276923 a composite number?
False
Is 21788362 composite?
True
Is 87273349 a prime number?
True
Is 31897427 prime?
False
Is 833263 a prime number?
False
Is 151049 a prime number?
True
Is 474737 a prime number?
True
Is 1901021 a composite number?
False
Is 78500797 a composite number?
False
Is 31797149 a prime number?
True
Is 1150898377 prime?
True
Is 9611473 a composite number?
True
Is 2489983 a prime number?
False
Is 11732467 prime?
True
Is 280330751 prime?
True
Is 56285041 prime?
False
Is 63097906 a composite number?
True
Is 17376715 prime?
False
Is 37168295 prime?
False
Is 3707087 a prime number?
True
Is